
2
Suppose 4*n - 4 = -4*s, -5*s + 4 = n + 7. Suppose 4*m = n*i - 6*i, -2*m + 4 = 3*i. What is the units digit of (i/(-8))/((-4)/80)?
0
Let o(z) = 58*z + 158. What is the tens digit of o(35)?
8
Let b = 168 - -367. What is the hundreds digit of b?
5
Let f(l) = 3*l - 2*l + 3*l**2 + 1 - 6*l + 0*l. Let k be f(5). Suppose -2*m = -5*m + k. What is the units digit of m?
7
Let k(m) = 5*m - 1. Let y be k(1). Suppose -u + 5*j + 62 = 0, 4*u = 4*j - 12 + 196. Suppose 2*f + u = y*f. What is the units digit of f?
1
Let m(o) = -105*o - 66. What is the hundreds digit of m(-3)?
2
Let y(g) = -5*g - 6. Let t be y(-3). Suppose -t*o + 8*o = -29. What is the units digit of o?
9
Suppose 2 = 2*f - 3*f + l, -9 = 4*f - 5*l. Let o(q) = -55*q + 1. What is the tens digit of o(f)?
5
Suppose 3*w - 2*w = 4*p - 6, p - 6 = w. Let m(v) = 3*v**2 - 7*v - 12. What is the tens digit of m(w)?
3
Suppose -14*w - 1709 + 6581 = 0. What is the tens digit of w?
4
Let c(g) = 30*g**3 - 2*g**2 - 3*g + 6. What is the tens digit of c(2)?
3
Suppose 8 = -2*t, -7*t + 2946 = 2*g - 5*t. What is the units digit of g?
7
Let n be 2 + 0/(1 + 1). Suppose 8*u + 5*x = 3*u + 25, -n*x + 6 = 0. Suppose f + u*f = 60. What is the units digit of f?
0
Let k be 63/(-18)*6/1. Suppose 5*a = 3*f + f + 121, -2*a + 58 = -4*f. What is the units digit of (-9)/k - (-957)/a?
6
Suppose -19*q + 26686 = 1017. What is the thousands digit of q?
1
Let o be (-10)/((1 - 0) + -3). Suppose 4*k - 3*m - 552 = 0, m + 3*m - 659 = -o*k. What is the hundreds digit of k?
1
Let l = 335 - 182. What is the hundreds digit of l?
1
Let i be (-1)/((-1996)/(-500) + -4). Let u = -67 + i. What is the tens digit of u?
5
Let d be 0 + (-3)/6*-4. Let t be 4/2 - (-3 + 0 + 5). Suppose 4*c + 3*h - 3 = t, -4*c + 4*h = -d*c - 18. What is the units digit of c?
3
Let a(w) be the second derivative of w**3 + 58*w**2 + 4*w. What is the hundreds digit of a(0)?
1
Suppose -8*r = -1530 - 6070. Suppose r = 10*w - 120. What is the tens digit of w?
0
Suppose 3*k = -10 - 2. Let t be 1/(k/8) + 6. Suppose t*d - 45 = 3*m, 4*d - m - m = 42. What is the units digit of d?
9
Suppose -2*c + 10 = -2. Suppose 8 + 28 = c*y. What is the units digit of y?
6
Suppose 3*w - 7354 = -4*o, -51*o = -46*o - 2*w - 9204. What is the units digit of o?
0
Let q(d) = 110*d - 168. What is the tens digit of q(27)?
0
Suppose 4*z + 4*j - 4253 - 1675 = 0, 4*z + 5*j = 5926. What is the units digit of z?
4
Suppose 18*i - 648 = 2142. What is the units digit of i?
5
Suppose 31*m + 12705 = 5*y + 36*m, -12740 = -5*y + 2*m. What is the units digit of y?
6
Suppose 0 = -12*f + 7*f + 720. Suppose -19*y + 22*y = f. What is the units digit of y?
8
What is the units digit of 32308/205*(1 + 9)?
6
Let o = -58 + 10. What is the tens digit of 52/(-13) - (o + 1)?
4
Let u be (0 - 1)/((-9)/(-1539)). Let j be (u/(-6) + -1)*4. Suppose -3*t - 3*f = -2*f - 165, 2*t - 2*f = j. What is the tens digit of t?
5
Suppose 23 + 0 = -3*g + 4*d, 3*g + 17 = d. Let u be g/((-15)/(-6)) - -49. Let j = 91 - u. What is the units digit of j?
4
Let y be 2 + 6/((-12)/(-670)). Suppose -3*b = -158 - y. Suppose 5*w = 2*w + b. What is the tens digit of w?
5
Let n(j) = j**2 - 14*j + 4. Let c(x) = 15*x - 4. Let m(l) = 3*c(l) + 2*n(l). What is the tens digit of m(-13)?
1
Let k = -16 - -24. Let l be 26/10 + (-4)/(-10). Suppose -4*u - 13 = -l*x, 3*x = -4*u + 61 - k. What is the units digit of x?
1
What is the hundreds digit of 8/(-36) - ((-68780)/90 + -8)?
7
Suppose 20*o = 13*o + 1673. What is the units digit of o?
9
Suppose 22 = 2*r + 2. Suppose -3*q + 5*q = r. Let w(t) = t + 11. What is the tens digit of w(q)?
1
What is the units digit of (-4 - (-7 - -409))/(-2)?
3
Let l be (3/((-3)/8))/(-1). Suppose 0 = -4*c - z + 12, z - 1 = 4*c - 5. What is the tens digit of (11 - l) + 40/c?
2
Suppose -3*s + 3*x = -354, x + 592 + 18 = 5*s. Let g = 185 - s. What is the units digit of g?
2
Let n be 44/(-6)*9/(-6). Let j = n + -6. Suppose 9*c - j*c = 40. What is the units digit of c?
0
Let c(t) = t**2 + 23*t + 22. Let h be c(-22). Let n = 302 - h. What is the hundreds digit of n?
3
What is the units digit of (-137)/(((-605)/(-100) + -6)*-2)?
0
Let j(q) = 5*q + 4. Suppose 43 = 5*z + s, s - 6 = -3. What is the units digit of j(z)?
4
Suppose 4*f - 5*c - 1951 = -0*c, 5*f - 3*c - 2442 = 0. What is the units digit of f?
9
Suppose t - 4*h + 11 = -4*t, -2*h = t + 5. What is the units digit of 5 - (-3 + (-3)/t)?
7
Suppose 45*g = -5165 + 79100. What is the tens digit of g?
4
Suppose 2*x - 4*i + 16 = -36, i - 4 = 0. Let f = 40 - x. What is the tens digit of f?
5
Let c = 6 + 1. Suppose 5*m - c = -x + 38, 0 = -m - 1. Suppose -1 = -4*p - 3*b + x, -b = -1. What is the tens digit of p?
1
Suppose -3*i = 3*i + 1248. Let p = i + 372. What is the tens digit of p?
6
Suppose -7*c + 4*c = -75. What is the units digit of (-2)/(-5) + 1065/c?
3
Suppose 3*w = 4 - 22. Let z(g) = g**2 + 4*g - 6. Let n be z(w). Suppose -n = -2*d + 22. What is the tens digit of d?
1
Let t(v) = -9*v - 1. Let z be t(-1). Let b(j) = 21*j - 103. Let f be b(5). Suppose 4*n + 60 = 2*k, -f*n + z - 66 = -2*k. What is the tens digit of k?
2
Let q(p) = p + 0*p + 5 + p. Let l be q(5). Suppose 4*k - l = -k. What is the units digit of k?
3
Let k = -89 + 672. What is the hundreds digit of k?
5
Let d = 20 - 25. Let n(l) = -l**3 - 4*l**2 + 3*l + 4. What is the units digit of n(d)?
4
Suppose -353 = 2*c - 2827. What is the tens digit of c?
3
Suppose -240 = -2*h + 3*r, 3*h - 386 = 2*r - 4*r. Suppose -2*q - 3*p + 83 = 0, -4*q = -7*q - 3*p + h. What is the units digit of q?
3
Let i(l) = 29*l**2 - l + 2. What is the tens digit of i(-3)?
6
Suppose 0 = -0*o + 22*o - 17402. What is the tens digit of o?
9
Let t be 70/28 + 2/4. Suppose 0*d + 46 = d. Suppose t*s - d = s. What is the tens digit of s?
2
Let s = -31 + 53. Suppose 0 = 2*j - j - s. What is the units digit of (-2)/(-11) + 986/j?
5
Let p(i) = -i**3 + 8*i**2 + i - 1. Let y be p(8). Let l(u) = u**2 - 3*u + 2. Let t be l(y). Suppose t = 3*d - 0*d. What is the units digit of d?
0
Let d = 36 + -50. Let b be -1*6 - (-6)/(-18)*-3. Let j = b - d. What is the units digit of j?
9
What is the units digit of -3*15/(-9) - (1 + -263)?
7
Let f(y) = 3*y + 18. Let b(z) = z + 6. Let l(k) = -11*b(k) + 4*f(k). What is the units digit of l(-5)?
1
Let z be 6/15 + 260/(-25). Let v = -6 - z. Suppose -4*m - 40 = -5*y, -y + 24 = -0*y - v*m. What is the units digit of y?
4
Let b = 2399 - 1296. What is the hundreds digit of b?
1
Let p(y) = 1051*y**3 - y**2 - 2*y + 2. What is the thousands digit of p(1)?
1
Let l(f) = -5*f + 80. What is the tens digit of l(-11)?
3
Suppose -3*x = -p + 31, -3*p + x + 72 = -x. What is the tens digit of p?
2
Suppose 31*n - 73106 = -10641. What is the tens digit of n?
1
Suppose -16*n = -142 - 114. Let x(s) = 2*s**2 - 21*s + 1. What is the tens digit of x(n)?
7
Let o = -147 + 168. What is the tens digit of o?
2
Suppose -80 = -4*a - 32. Suppose -240 = -a*s + 4*s. What is the tens digit of s?
3
Let z(d) = d**2 + 23*d + 145. What is the tens digit of z(-20)?
8
Let o(p) = 2*p - 1. Let c(k) = -16*k + 17. Let y(b) = -c(b) - 6*o(b). Let q(r) = r**3 + 5*r**2 + 2*r - 2. Let h be q(-4). What is the units digit of y(h)?
3
What is the units digit of 16/(-6)*(-175 + -950)?
0
Let c = 1 + -11. Suppose 0 = 4*j - 4*g + 8, 4*j = -3*g + 11 + 2. Let f = j - c. What is the units digit of f?
1
Let s(z) = 12*z**2 + 0 - 15*z - 53*z**2 + 2 + 18*z. Let u(o) = 83*o**2 - 5*o - 3. Let g(l) = 7*s(l) + 4*u(l). What is the tens digit of g(-1)?
4
Suppose 6*l - 15*l = -1458. What is the tens digit of 4*5/(-40) - l/(-4)?
4
Suppose -3948 = 2*d - 9*d. What is the tens digit of d?
6
Suppose n + n = -32. Suppose 15*c - 13*c = -56. Let x = n - c. What is the tens digit of x?
1
Let v = -511 - -607. What is the units digit of v?
6
Suppose 10*r - 1915 = 5*r. Suppose -4*l + r = 5*h, 0 = l + 2*h + h - 101. What is the units digit of l?
2
Let x be (-304)/(-1) + -5 + 5. Suppose 421 = 2*v + 5*j, 3*v + j - 360 = x. What is the units digit of v?
3
Suppose 117 = 7*f - 16. Suppose -9*u + 226 = f. What is the units digit of u?
3
Let b = 12 + -63. Suppose -527 = -2*c - 2*c - 3*u, c = 3*u + 128. Let w = c + b. What is the units digit of w?
0
Let y = -13 - -19. Suppose -2*f + 24 = -2*v, -4*f - 30 = -y*f - 4*v. Suppose 3*r - 37 = -f. Wh